{"id":15,"date":"2025-09-26T17:06:16","date_gmt":"2025-09-26T22:06:16","guid":{"rendered":"https:\/\/estantpro.com.co\/?page_id=15"},"modified":"2025-11-24T12:40:23","modified_gmt":"2025-11-24T17:40:23","slug":"cotizacion","status":"publish","type":"page","link":"https:\/\/estantpro.com.co\/index.php\/cotizacion\/","title":{"rendered":"Cotizaci\u00f3n"},"content":{"rendered":"\t\t<div data-elementor-type=\"wp-page\" data-elementor-id=\"15\" class=\"elementor elementor-15\">\n\t\t\t\t<div class=\"elementor-element elementor-element-7033d7f e-flex e-con-boxed e-con e-parent\" data-id=\"7033d7f\" data-element_type=\"container\" data-e-type=\"container\" data-settings=\"{&quot;background_background&quot;:&quot;classic&quot;}\">\n\t\t\t\t\t<div class=\"e-con-inner\">\n\t\t\t\t<div class=\"elementor-element elementor-element-90f4403 elementor-widget elementor-widget-image\" data-id=\"90f4403\" data-element_type=\"widget\" data-e-type=\"widget\" data-widget_type=\"image.default\">\n\t\t\t\t\t\t\t\t\t\t\t\t\t\t\t<img fetchpriority=\"high\" decoding=\"async\" width=\"2400\" height=\"1350\" src=\"https:\/\/estantpro.com.co\/wp-content\/uploads\/2025\/09\/estanterias-paletizacion-convencional-1.jpg\" class=\"attachment-full size-full wp-image-113\" alt=\"Estanterias Paletizacion Convencional 1\" srcset=\"https:\/\/estantpro.com.co\/wp-content\/uploads\/2025\/09\/estanterias-paletizacion-convencional-1.jpg 2400w, https:\/\/estantpro.com.co\/wp-content\/uploads\/2025\/09\/estanterias-paletizacion-convencional-1-300x169.jpg 300w, https:\/\/estantpro.com.co\/wp-content\/uploads\/2025\/09\/estanterias-paletizacion-convencional-1-1024x576.jpg 1024w, https:\/\/estantpro.com.co\/wp-content\/uploads\/2025\/09\/estanterias-paletizacion-convencional-1-768x432.jpg 768w, https:\/\/estantpro.com.co\/wp-content\/uploads\/2025\/09\/estanterias-paletizacion-convencional-1-1536x864.jpg 1536w, https:\/\/estantpro.com.co\/wp-content\/uploads\/2025\/09\/estanterias-paletizacion-convencional-1-2048x1152.jpg 2048w\" sizes=\"(max-width: 2400px) 100vw, 2400px\" title=\"Cotizaci\u00f3n\">\t\t\t\t\t\t\t\t\t\t\t\t\t\t\t<\/div>\n\t\t\t\t<div class=\"elementor-element elementor-element-01d7655 elementor-widget elementor-widget-html\" data-id=\"01d7655\" data-element_type=\"widget\" data-e-type=\"widget\" data-widget_type=\"html.default\">\n\t\t\t\t\t<a href=\"https:\/\/wa.me\/573044758400\"\r\n   target=\"_blank\"\r\n   onclick=\"gtag('event','conversion',{'send_to':'AW-17555885437\/_cFmCO-lkb0bEP2aprNB'});\"\r\n   style=\"display:inline-block;padding:1px 24px;border-radius:8px;background:#FF6802;color:#fff;text-decoration:none;font-weight:600;\">\r\n   Cotiza F\u00e1cil por WhatsApp\r\n<\/a>\t\t\t\t<\/div>\n\t\t\t\t<div class=\"elementor-element elementor-element-a055708 elementor-widget__width-initial texto-contorneado elementor-widget elementor-widget-text-editor\" data-id=\"a055708\" data-element_type=\"widget\" data-e-type=\"widget\" data-widget_type=\"text-editor.default\">\n\t\t\t\t\t\t\t\t\t<h1><span style=\"color: #ff6600;\">Cotiza f\u00e1cil y r\u00e1pido<\/span><\/h1>\t\t\t\t\t\t\t\t<\/div>\n\t\t\t\t<div class=\"elementor-element elementor-element-5e6fd8d elementor-widget__width-initial elementor-widget elementor-widget-text-editor\" data-id=\"5e6fd8d\" data-element_type=\"widget\" data-e-type=\"widget\" data-widget_type=\"text-editor.default\">\n\t\t\t\t\t\t\t\t\t<h5>En <strong data-start=\"361\" data-end=\"374\">EstantPro<\/strong> te ofrecemos estanter\u00edas met\u00e1licas seguras, resistentes y al mejor precio en Colombia.<br data-start=\"461\" data-end=\"464\" \/>Completa el formulario y nuestro equipo te enviar\u00e1 una <strong data-start=\"519\" data-end=\"547\">cotizaci\u00f3n personalizada<\/strong>, con asesor\u00eda y los pasos a seguir para tu compra o instalaci\u00f3n.<\/h5>\t\t\t\t\t\t\t\t<\/div>\n\t\t\t\t\t<\/div>\n\t\t\t\t<\/div>\n\t\t<div class=\"elementor-element elementor-element-4ac6e4d e-con-full e-flex e-con e-parent\" data-id=\"4ac6e4d\" data-element_type=\"container\" data-e-type=\"container\">\n\t\t\t\t<div class=\"elementor-element elementor-element-486e931 elementor-widget elementor-widget-wpforms\" data-id=\"486e931\" data-element_type=\"widget\" data-e-type=\"widget\" data-widget_type=\"wpforms.default\">\n\t\t\t\t<div class=\"elementor-widget-container\">\n\t\t\t\t\t<div class=\"wpforms-container wpforms-container-full wpforms-render-modern\" id=\"wpforms-486\"><form id=\"wpforms-form-486\" class=\"wpforms-validate wpforms-form wpforms-ajax-form\" data-formid=\"486\" method=\"post\" enctype=\"multipart\/form-data\" action=\"\/index.php\/wp-json\/wp\/v2\/pages\/15\" data-token=\"d2eb9f18f8ce73fcb9ea07edef68b772\" data-token-time=\"1777478973\"><noscript class=\"wpforms-error-noscript\">Por favor, activa JavaScript en tu navegador para completar este formulario.<\/noscript><div id=\"wpforms-error-noscript\" style=\"display: none;\">Por favor, activa JavaScript en tu navegador para completar este formulario.<\/div><div class=\"wpforms-field-container\"><div id=\"wpforms-486-field_1-container\" class=\"wpforms-field wpforms-field-name\" data-field-id=\"1\"><label class=\"wpforms-field-label\" for=\"wpforms-486-field_1\">Nombre completo o Empresa <span class=\"wpforms-required-label\" aria-hidden=\"true\">*<\/span><\/label><input type=\"text\" id=\"wpforms-486-field_1\" class=\"wpforms-field-large wpforms-field-required\" name=\"wpforms[fields][1]\" aria-errormessage=\"wpforms-486-field_1-error\" required><\/div>\t\t<div id=\"wpforms-486-field_2-container\"\n\t\t\tclass=\"wpforms-field wpforms-field-text\"\n\t\t\tdata-field-type=\"text\"\n\t\t\tdata-field-id=\"2\"\n\t\t\t>\n\t\t\t<label class=\"wpforms-field-label\" for=\"wpforms-486-field_2\" >Cantidad pesada, m\u00f3dulos<\/label>\n\t\t\t<input type=\"text\" id=\"wpforms-486-field_2\" class=\"wpforms-field-medium\" name=\"wpforms[fields][2]\" >\n\t\t<\/div>\n\t\t<div id=\"wpforms-486-field_11-container\" class=\"wpforms-field wpforms-field-textarea\" data-field-id=\"11\"><label class=\"wpforms-field-label\" for=\"wpforms-486-field_11\">Correo electr\u00f3nico <span class=\"wpforms-required-label\" aria-hidden=\"true\">*<\/span><\/label><textarea id=\"wpforms-486-field_11\" class=\"wpforms-field-small wpforms-field-required\" name=\"wpforms[fields][11]\" aria-errormessage=\"wpforms-486-field_11-error\" required><\/textarea><\/div><div id=\"wpforms-486-field_3-container\" class=\"wpforms-field wpforms-field-text\" data-field-id=\"3\"><label class=\"wpforms-field-label\" for=\"wpforms-486-field_3\">Tel\u00e9fono \/ WhatsApp <span class=\"wpforms-required-label\" aria-hidden=\"true\">*<\/span><\/label><input type=\"text\" id=\"wpforms-486-field_3\" class=\"wpforms-field-medium wpforms-field-required\" name=\"wpforms[fields][3]\" aria-errormessage=\"wpforms-486-field_3-error\" required><\/div><div id=\"wpforms-486-field_4-container\" class=\"wpforms-field wpforms-field-text\" data-field-id=\"4\"><label class=\"wpforms-field-label\" for=\"wpforms-486-field_4\">Ciudad \/ Ubicaci\u00f3n <span class=\"wpforms-required-label\" aria-hidden=\"true\">*<\/span><\/label><input type=\"text\" id=\"wpforms-486-field_4\" class=\"wpforms-field-medium wpforms-field-required\" name=\"wpforms[fields][4]\" aria-errormessage=\"wpforms-486-field_4-error\" required><\/div><div id=\"wpforms-486-field_5-container\" class=\"wpforms-field wpforms-field-text\" data-field-id=\"5\"><label class=\"wpforms-field-label\" for=\"wpforms-486-field_5\">Tipo de estanter\u00eda (selectores: liviana, pesada, rack selectivo, cantil\u00e9ver, etc.)<\/label><input type=\"text\" id=\"wpforms-486-field_5\" class=\"wpforms-field-medium\" name=\"wpforms[fields][5]\" aria-errormessage=\"wpforms-486-field_5-error\" ><\/div><div id=\"wpforms-486-field_7-container\" class=\"wpforms-field wpforms-field-text\" data-field-id=\"7\"><label class=\"wpforms-field-label\" for=\"wpforms-486-field_7\">Medidas requeridas (alto, largo y fondo)<\/label><input type=\"text\" id=\"wpforms-486-field_7\" class=\"wpforms-field-medium\" name=\"wpforms[fields][7]\" aria-errormessage=\"wpforms-486-field_7-error\" ><\/div><div id=\"wpforms-486-field_9-container\" class=\"wpforms-field wpforms-field-text\" data-field-id=\"9\"><label class=\"wpforms-field-label\" for=\"wpforms-486-field_9\">Capacidad de carga por nivel (ejemplo: 100 kg, 500 kg, 1 tonelada)<\/label><input type=\"text\" id=\"wpforms-486-field_9\" class=\"wpforms-field-medium\" name=\"wpforms[fields][9]\" aria-errormessage=\"wpforms-486-field_9-error\" ><\/div><div id=\"wpforms-486-field_12-container\" class=\"wpforms-field wpforms-field-name\" data-field-id=\"12\"><label class=\"wpforms-field-label\" for=\"wpforms-486-field_12\">Cantidad de m\u00f3dulos o niveles<\/label><input type=\"text\" id=\"wpforms-486-field_12\" class=\"wpforms-field-large\" name=\"wpforms[fields][12]\" aria-errormessage=\"wpforms-486-field_12-error\" ><\/div><div id=\"wpforms-486-field_15-container\" class=\"wpforms-field wpforms-field-email\" data-field-id=\"15\"><label class=\"wpforms-field-label\" for=\"wpforms-486-field_15\">\u00bfRequiere instalaci\u00f3n? (s\u00ed \/ no) <span class=\"wpforms-required-label\" aria-hidden=\"true\">*<\/span><\/label><input type=\"email\" id=\"wpforms-486-field_15\" class=\"wpforms-field-medium wpforms-field-required\" name=\"wpforms[fields][15]\" spellcheck=\"false\" aria-errormessage=\"wpforms-486-field_15-error\" required><\/div><div id=\"wpforms-486-field_18-container\" class=\"wpforms-field wpforms-field-text\" data-field-id=\"18\"><label class=\"wpforms-field-label\" for=\"wpforms-486-field_18\">\u00bfNecesita asesor\u00eda t\u00e9cnica? (s\u00ed \/ no)<\/label><input type=\"text\" id=\"wpforms-486-field_18\" class=\"wpforms-field-medium\" name=\"wpforms[fields][18]\" aria-errormessage=\"wpforms-486-field_18-error\" ><\/div><div id=\"wpforms-486-field_17-container\" class=\"wpforms-field wpforms-field-textarea\" data-field-id=\"17\"><label class=\"wpforms-field-label\" for=\"wpforms-486-field_17\">Mensaje adicional<\/label><textarea id=\"wpforms-486-field_17\" class=\"wpforms-field-medium\" name=\"wpforms[fields][17]\" aria-errormessage=\"wpforms-486-field_17-error\" ><\/textarea><\/div><script>\n\t\t\t\t( function() {\n\t\t\t\t\tconst style = document.createElement( 'style' );\n\t\t\t\t\tstyle.appendChild( document.createTextNode( '#wpforms-486-field_2-container { position: absolute !important; overflow: hidden !important; display: inline !important; height: 1px !important; width: 1px !important; z-index: -1000 !important; padding: 0 !important; } #wpforms-486-field_2-container input { visibility: hidden; } #wpforms-conversational-form-page #wpforms-486-field_2-container label { counter-increment: none; }' ) );\n\t\t\t\t\tdocument.head.appendChild( style );\n\t\t\t\t\tdocument.currentScript?.remove();\n\t\t\t\t} )();\n\t\t\t<\/script><\/div><!-- .wpforms-field-container --><div class=\"wpforms-submit-container\" ><input type=\"hidden\" name=\"wpforms[id]\" value=\"486\"><input type=\"hidden\" name=\"page_title\" value=\"\"><input type=\"hidden\" name=\"page_url\" value=\"https:\/\/estantpro.com.co\/index.php\/wp-json\/wp\/v2\/pages\/15\"><input type=\"hidden\" name=\"url_referer\" value=\"\"><button type=\"submit\" name=\"wpforms[submit]\" id=\"wpforms-submit-486\" class=\"wpforms-submit\" data-alt-text=\"Enviando...\" data-submit-text=\"Solicitar cotizaci\u00f3n ahora\" aria-live=\"assertive\" value=\"wpforms-submit\">Solicitar cotizaci\u00f3n ahora<\/button><img decoding=\"async\" src=\"https:\/\/estantpro.com.co\/wp-content\/plugins\/wpforms-lite\/assets\/images\/submit-spin.svg\" class=\"wpforms-submit-spinner\" style=\"display: none;\" width=\"26\" height=\"26\" alt=\"Cargando\" title=\"Cotizaci\u00f3n\"><\/div><\/form><\/div>  <!-- .wpforms-container -->\t\t\t\t<\/div>\n\t\t\t\t<\/div>\n\t\t\t\t<\/div>\n\t\t\t\t<\/div>\n\t\t","protected":false},"excerpt":{"rendered":"<p>Cotiza F\u00e1cil por WhatsApp Cotiza f\u00e1cil y r\u00e1pido En EstantPro te ofrecemos estanter\u00edas met\u00e1licas seguras, resistentes y al mejor precio [&hellip;]<\/p>\n","protected":false},"author":1,"featured_media":0,"parent":0,"menu_order":0,"comment_status":"closed","ping_status":"closed","template":"","meta":{"_uag_custom_page_level_css":"","site-sidebar-layout":"no-sidebar","site-content-layout":"","ast-site-content-layout":"full-width-container","site-content-style":"default","site-sidebar-style":"default","ast-global-header-display":"","ast-banner-title-visibility":"","ast-main-header-display":"","ast-hfb-above-header-display":"","ast-hfb-below-header-display":"","ast-hfb-mobile-header-display":"","site-post-title":"disabled","ast-breadcrumbs-content":"","ast-featured-img":"disabled","footer-sml-layout":"","ast-disable-related-posts":"","theme-transparent-header-meta":"","adv-header-id-meta":"","stick-header-meta":"","header-above-stick-meta":"","header-main-stick-meta":"","header-below-stick-meta":"","astra-migrate-meta-layouts":"default","ast-page-background-enabled":"default","ast-page-background-meta":{"desktop":{"background-color":"var(--ast-global-color-5)","background-image":"","background-repeat":"repeat","background-position":"center center","background-size":"auto","background-attachment":"scroll","background-type":"","background-media":"","overlay-type":"","overlay-color":"","overlay-opacity":"","overlay-gradient":""},"tablet":{"background-color":"","background-image":"","background-repeat":"repeat","background-position":"center center","background-size":"auto","background-attachment":"scroll","background-type":"","background-media":"","overlay-type":"","overlay-color":"","overlay-opacity":"","overlay-gradient":""},"mobile":{"background-color":"","background-image":"","background-repeat":"repeat","background-position":"center center","background-size":"auto","background-attachment":"scroll","background-type":"","background-media":"","overlay-type":"","overlay-color":"","overlay-opacity":"","overlay-gradient":""}},"ast-content-background-meta":{"desktop":{"background-color":"var(--ast-global-color-4)","background-image":"","background-repeat":"repeat","background-position":"center center","background-size":"auto","background-attachment":"scroll","background-type":"","background-media":"","overlay-type":"","overlay-color":"","overlay-opacity":"","overlay-gradient":""},"tablet":{"background-color":"var(--ast-global-color-4)","background-image":"","background-repeat":"repeat","background-position":"center center","background-size":"auto","background-attachment":"scroll","background-type":"","background-media":"","overlay-type":"","overlay-color":"","overlay-opacity":"","overlay-gradient":""},"mobile":{"background-color":"var(--ast-global-color-4)","background-image":"","background-repeat":"repeat","background-position":"center center","background-size":"auto","background-attachment":"scroll","background-type":"","background-media":"","overlay-type":"","overlay-color":"","overlay-opacity":"","overlay-gradient":""}},"footnotes":""},"class_list":["post-15","page","type-page","status-publish","hentry"],"aioseo_notices":[],"yoast_head":"<!-- This site is optimized with the Yoast SEO plugin v27.4 - https:\/\/yoast.com\/product\/yoast-seo-wordpress\/ -->\n<title>Cotizaci\u00f3n -<\/title>\n<meta name=\"robots\" content=\"index, follow, max-snippet:-1, max-image-preview:large, max-video-preview:-1\" \/>\n<link rel=\"canonical\" href=\"https:\/\/estantpro.com.co\/index.php\/cotizacion\/\" \/>\n<meta property=\"og:locale\" content=\"es_ES\" \/>\n<meta property=\"og:type\" content=\"article\" \/>\n<meta property=\"og:title\" content=\"Cotizaci\u00f3n -\" \/>\n<meta property=\"og:description\" content=\"Cotiza F\u00e1cil por WhatsApp Cotiza f\u00e1cil y r\u00e1pido En EstantPro te ofrecemos estanter\u00edas met\u00e1licas seguras, resistentes y al mejor precio [&hellip;]\" \/>\n<meta property=\"og:url\" content=\"https:\/\/estantpro.com.co\/index.php\/cotizacion\/\" \/>\n<meta property=\"article:modified_time\" content=\"2025-11-24T17:40:23+00:00\" \/>\n<meta property=\"og:image\" content=\"https:\/\/estantpro.com.co\/wp-content\/uploads\/2025\/09\/estanterias-paletizacion-convencional-1.jpg\" \/>\n<meta name=\"twitter:card\" content=\"summary_large_image\" \/>\n<meta name=\"twitter:label1\" content=\"Tiempo de lectura\" \/>\n\t<meta name=\"twitter:data1\" content=\"1 minuto\" \/>\n<script type=\"application\/ld+json\" class=\"yoast-schema-graph\">{\"@context\":\"https:\\\/\\\/schema.org\",\"@graph\":[{\"@type\":\"WebPage\",\"@id\":\"https:\\\/\\\/estantpro.com.co\\\/index.php\\\/cotizacion\\\/\",\"url\":\"https:\\\/\\\/estantpro.com.co\\\/index.php\\\/cotizacion\\\/\",\"name\":\"Cotizaci\u00f3n -\",\"isPartOf\":{\"@id\":\"https:\\\/\\\/estantpro.com.co\\\/#website\"},\"primaryImageOfPage\":{\"@id\":\"https:\\\/\\\/estantpro.com.co\\\/index.php\\\/cotizacion\\\/#primaryimage\"},\"image\":{\"@id\":\"https:\\\/\\\/estantpro.com.co\\\/index.php\\\/cotizacion\\\/#primaryimage\"},\"thumbnailUrl\":\"https:\\\/\\\/estantpro.com.co\\\/wp-content\\\/uploads\\\/2025\\\/09\\\/estanterias-paletizacion-convencional-1.jpg\",\"datePublished\":\"2025-09-26T22:06:16+00:00\",\"dateModified\":\"2025-11-24T17:40:23+00:00\",\"breadcrumb\":{\"@id\":\"https:\\\/\\\/estantpro.com.co\\\/index.php\\\/cotizacion\\\/#breadcrumb\"},\"inLanguage\":\"es-CO\",\"potentialAction\":[{\"@type\":\"ReadAction\",\"target\":[\"https:\\\/\\\/estantpro.com.co\\\/index.php\\\/cotizacion\\\/\"]}]},{\"@type\":\"ImageObject\",\"inLanguage\":\"es-CO\",\"@id\":\"https:\\\/\\\/estantpro.com.co\\\/index.php\\\/cotizacion\\\/#primaryimage\",\"url\":\"https:\\\/\\\/estantpro.com.co\\\/wp-content\\\/uploads\\\/2025\\\/09\\\/estanterias-paletizacion-convencional-1.jpg\",\"contentUrl\":\"https:\\\/\\\/estantpro.com.co\\\/wp-content\\\/uploads\\\/2025\\\/09\\\/estanterias-paletizacion-convencional-1.jpg\",\"width\":2400,\"height\":1350},{\"@type\":\"BreadcrumbList\",\"@id\":\"https:\\\/\\\/estantpro.com.co\\\/index.php\\\/cotizacion\\\/#breadcrumb\",\"itemListElement\":[{\"@type\":\"ListItem\",\"position\":1,\"name\":\"Inicio\",\"item\":\"https:\\\/\\\/estantpro.com.co\\\/\"},{\"@type\":\"ListItem\",\"position\":2,\"name\":\"Cotizaci\u00f3n\"}]},{\"@type\":\"WebSite\",\"@id\":\"https:\\\/\\\/estantpro.com.co\\\/#website\",\"url\":\"https:\\\/\\\/estantpro.com.co\\\/\",\"name\":\"\",\"description\":\"EstantPro\",\"potentialAction\":[{\"@type\":\"SearchAction\",\"target\":{\"@type\":\"EntryPoint\",\"urlTemplate\":\"https:\\\/\\\/estantpro.com.co\\\/?s={search_term_string}\"},\"query-input\":{\"@type\":\"PropertyValueSpecification\",\"valueRequired\":true,\"valueName\":\"search_term_string\"}}],\"inLanguage\":\"es-CO\"}]}<\/script>\n<!-- \/ Yoast SEO plugin. -->","yoast_head_json":{"title":"Cotizaci\u00f3n -","robots":{"index":"index","follow":"follow","max-snippet":"max-snippet:-1","max-image-preview":"max-image-preview:large","max-video-preview":"max-video-preview:-1"},"canonical":"https:\/\/estantpro.com.co\/index.php\/cotizacion\/","og_locale":"es_ES","og_type":"article","og_title":"Cotizaci\u00f3n -","og_description":"Cotiza F\u00e1cil por WhatsApp Cotiza f\u00e1cil y r\u00e1pido En EstantPro te ofrecemos estanter\u00edas met\u00e1licas seguras, resistentes y al mejor precio [&hellip;]","og_url":"https:\/\/estantpro.com.co\/index.php\/cotizacion\/","article_modified_time":"2025-11-24T17:40:23+00:00","og_image":[{"url":"https:\/\/estantpro.com.co\/wp-content\/uploads\/2025\/09\/estanterias-paletizacion-convencional-1.jpg","type":"","width":"","height":""}],"twitter_card":"summary_large_image","twitter_misc":{"Tiempo de lectura":"1 minuto"},"schema":{"@context":"https:\/\/schema.org","@graph":[{"@type":"WebPage","@id":"https:\/\/estantpro.com.co\/index.php\/cotizacion\/","url":"https:\/\/estantpro.com.co\/index.php\/cotizacion\/","name":"Cotizaci\u00f3n -","isPartOf":{"@id":"https:\/\/estantpro.com.co\/#website"},"primaryImageOfPage":{"@id":"https:\/\/estantpro.com.co\/index.php\/cotizacion\/#primaryimage"},"image":{"@id":"https:\/\/estantpro.com.co\/index.php\/cotizacion\/#primaryimage"},"thumbnailUrl":"https:\/\/estantpro.com.co\/wp-content\/uploads\/2025\/09\/estanterias-paletizacion-convencional-1.jpg","datePublished":"2025-09-26T22:06:16+00:00","dateModified":"2025-11-24T17:40:23+00:00","breadcrumb":{"@id":"https:\/\/estantpro.com.co\/index.php\/cotizacion\/#breadcrumb"},"inLanguage":"es-CO","potentialAction":[{"@type":"ReadAction","target":["https:\/\/estantpro.com.co\/index.php\/cotizacion\/"]}]},{"@type":"ImageObject","inLanguage":"es-CO","@id":"https:\/\/estantpro.com.co\/index.php\/cotizacion\/#primaryimage","url":"https:\/\/estantpro.com.co\/wp-content\/uploads\/2025\/09\/estanterias-paletizacion-convencional-1.jpg","contentUrl":"https:\/\/estantpro.com.co\/wp-content\/uploads\/2025\/09\/estanterias-paletizacion-convencional-1.jpg","width":2400,"height":1350},{"@type":"BreadcrumbList","@id":"https:\/\/estantpro.com.co\/index.php\/cotizacion\/#breadcrumb","itemListElement":[{"@type":"ListItem","position":1,"name":"Inicio","item":"https:\/\/estantpro.com.co\/"},{"@type":"ListItem","position":2,"name":"Cotizaci\u00f3n"}]},{"@type":"WebSite","@id":"https:\/\/estantpro.com.co\/#website","url":"https:\/\/estantpro.com.co\/","name":"","description":"EstantPro","potentialAction":[{"@type":"SearchAction","target":{"@type":"EntryPoint","urlTemplate":"https:\/\/estantpro.com.co\/?s={search_term_string}"},"query-input":{"@type":"PropertyValueSpecification","valueRequired":true,"valueName":"search_term_string"}}],"inLanguage":"es-CO"}]}},"_hostinger_reach_plugin_has_subscription_block":false,"_hostinger_reach_plugin_is_elementor":false,"uagb_featured_image_src":{"full":false,"thumbnail":false,"medium":false,"medium_large":false,"large":false,"1536x1536":false,"2048x2048":false},"uagb_author_info":{"display_name":"colombiaestanterias@gmail.com","author_link":"https:\/\/estantpro.com.co\/index.php\/author\/colombiaestanteriasgmail-com\/"},"uagb_comment_info":0,"uagb_excerpt":"Cotiza F\u00e1cil por WhatsApp Cotiza f\u00e1cil y r\u00e1pido En EstantPro te ofrecemos estanter\u00edas met\u00e1licas seguras, resistentes y al mejor precio [&hellip;]","_links":{"self":[{"href":"https:\/\/estantpro.com.co\/index.php\/wp-json\/wp\/v2\/pages\/15","targetHints":{"allow":["GET"]}}],"collection":[{"href":"https:\/\/estantpro.com.co\/index.php\/wp-json\/wp\/v2\/pages"}],"about":[{"href":"https:\/\/estantpro.com.co\/index.php\/wp-json\/wp\/v2\/types\/page"}],"author":[{"embeddable":true,"href":"https:\/\/estantpro.com.co\/index.php\/wp-json\/wp\/v2\/users\/1"}],"replies":[{"embeddable":true,"href":"https:\/\/estantpro.com.co\/index.php\/wp-json\/wp\/v2\/comments?post=15"}],"version-history":[{"count":19,"href":"https:\/\/estantpro.com.co\/index.php\/wp-json\/wp\/v2\/pages\/15\/revisions"}],"predecessor-version":[{"id":955,"href":"https:\/\/estantpro.com.co\/index.php\/wp-json\/wp\/v2\/pages\/15\/revisions\/955"}],"wp:attachment":[{"href":"https:\/\/estantpro.com.co\/index.php\/wp-json\/wp\/v2\/media?parent=15"}],"curies":[{"name":"wp","href":"https:\/\/api.w.org\/{rel}","templated":true}]}}